{"id":57,"date":"2023-10-19T15:06:03","date_gmt":"2023-10-19T15:06:03","guid":{"rendered":"https:\/\/clinicaatlanticacr.com\/?page_id=57"},"modified":"2023-11-09T13:51:52","modified_gmt":"2023-11-09T13:51:52","slug":"laboratorio-clinico","status":"publish","type":"page","link":"https:\/\/clinicaatlanticacr.com\/index.php\/laboratorio-clinico\/","title":{"rendered":"Laboratorio cl\u00ednico"},"content":{"rendered":"<p>Nuestros esfuerzos est\u00e1n dirigidos a proveer de ex\u00e1menes oportunos y de calidad para la evaluaci\u00f3n cl\u00ednica de cada paciente.<\/p>\n<p><strong>Nuestra variedad de radiograf\u00edas incluye:<\/strong><\/p>\n<p>&nbsp;<\/p>\n<p><strong>Servicios de Laboratorio Cl\u00ednico a Empresas:<\/strong><\/p>\n<p>Nuestros servicios dirigidos a empresas y organizaciones pueden incluir ex\u00e1menes de detecci\u00f3n de drogas, an\u00e1lisis de salud ocupacional, pruebas de inmunizaci\u00f3n y otros ex\u00e1menes m\u00e9dicos necesarios para el cumplimiento de las regulaciones laborales y la promoci\u00f3n de un ambiente de trabajo. Los resultados de estas pruebas son esenciales para tomar decisiones m\u00e9dicas informadas.<\/p>\n<p>Adem\u00e1s, con nuestros convenios empresariales mediante asociaciones solidaristas y recursos humanos, brindamos facilidades de financiamiento y beneficios familiares con descuentos especiales seg\u00fan acuerdos establecidos.<\/p>\n<p><strong>Servicios de Laboratorio Cl\u00ednico a Pacientes:<\/strong><\/p>\n<p>En nuestra cl\u00ednica, nuestro servicio est\u00e1 dise\u00f1ados para todo paciente que busca pruebas de laboratorio para sus propias necesidades de salud. Pueden incluir an\u00e1lisis de sangre, orina, pruebas de diagn\u00f3stico molecular y otros tipos de pruebas que un m\u00e9dico puede solicitar como parte de una evaluaci\u00f3n de la salud general, diagn\u00f3stico de una condici\u00f3n espec\u00edfica o seguimiento de un tratamiento.<\/p>\n<p><strong>Servicios a Veterinarias:<\/strong><\/p>\n<p>Nuestros ex\u00e1menes de laboratorio para uso veterinario incluyen pruebas de sangre, cultivos, ex\u00e1menes de heces y otros an\u00e1lisis espec\u00edficos para animales seg\u00fan solicitud m\u00e9dica en la evaluaci\u00f3n del estado general las mascotas, animales de granja y animales ex\u00f3ticos.<\/p>\n<p>&nbsp;<\/p>\n","protected":false},"excerpt":{"rendered":"<p>Nuestros esfuerzos est\u00e1n dirigidos a proveer de ex\u00e1menes oportunos y de calidad para la evaluaci\u00f3n cl\u00ednica de cada paciente. Nuestra variedad de radiograf\u00edas incluye: &nbsp; Servicios de Laboratorio Cl\u00ednico a<\/p>\n<p><a href=\"https:\/\/clinicaatlanticacr.com\/index.php\/laboratorio-clinico\/\" class=\"more-link\">Continue Reading<span class=\"screen-reader-text\">Laboratorio cl\u00ednico<\/span><\/a><\/p>\n","protected":false},"author":1,"featured_media":0,"parent":0,"menu_order":0,"comment_status":"closed","ping_status":"closed","template":"","meta":{"footnotes":""},"class_list":["post-57","page","type-page","status-publish","hentry"],"_links":{"self":[{"href":"https:\/\/clinicaatlanticacr.com\/index.php\/wp-json\/wp\/v2\/pages\/57","targetHints":{"allow":["GET"]}}],"collection":[{"href":"https:\/\/clinicaatlanticacr.com\/index.php\/wp-json\/wp\/v2\/pages"}],"about":[{"href":"https:\/\/clinicaatlanticacr.com\/index.php\/wp-json\/wp\/v2\/types\/page"}],"author":[{"embeddable":true,"href":"https:\/\/clinicaatlanticacr.com\/index.php\/wp-json\/wp\/v2\/users\/1"}],"replies":[{"embeddable":true,"href":"https:\/\/clinicaatlanticacr.com\/index.php\/wp-json\/wp\/v2\/comments?post=57"}],"version-history":[{"count":6,"href":"https:\/\/clinicaatlanticacr.com\/index.php\/wp-json\/wp\/v2\/pages\/57\/revisions"}],"predecessor-version":[{"id":168,"href":"https:\/\/clinicaatlanticacr.com\/index.php\/wp-json\/wp\/v2\/pages\/57\/revisions\/168"}],"wp:attachment":[{"href":"https:\/\/clinicaatlanticacr.com\/index.php\/wp-json\/wp\/v2\/media?parent=57"}],"curies":[{"name":"wp","href":"https:\/\/api.w.org\/{rel}","templated":true}]}}